{"id":4286,"date":"2022-02-04T10:24:01","date_gmt":"2022-02-04T09:24:01","guid":{"rendered":"https:\/\/www.loewensonne.de\/wordpress\/?post_type=product&#038;p=4286"},"modified":"2022-02-04T10:29:03","modified_gmt":"2022-02-04T09:29:03","slug":"rosmarin-seife","status":"publish","type":"product","link":"https:\/\/www.loewensonne.de\/wordpress\/produkt\/rosmarin-seife\/","title":{"rendered":"Rosmarin-Seife"},"content":{"rendered":"<h1>Rosmarinseife<\/h1>\n<p>&nbsp;<\/p>\n<ul>\n<li>kaltverseift<\/li>\n<li>r\u00fcckfettend und pflegend bei der Anwendung<\/li>\n<li>100g St\u00fcck<\/li>\n<\/ul>\n<p>INCL: Olea europaea olive, Aqau, Sodium hydroxide, Cocos nucifera (Coconut) oil, Rosmarinus Officinalis Leaf Oil ,Limonene*<br \/>\nLinalool*<br \/>\n*= nat\u00fcrliche Bestandteile des \u00e4therischen \u00d6ls<\/p>\n<p>&nbsp;<\/p>\n<p>Grundpreis \u20ac7,00 \/ 100g<\/p>\n","protected":false},"excerpt":{"rendered":"<h1>Rosmarinseife<\/h1>\n","protected":false},"featured_media":2349,"template":"","meta":{"_crdt_document":"","_uag_custom_page_level_css":""},"product_brand":[],"product_cat":[35],"product_tag":[],"class_list":{"0":"post-4286","1":"product","2":"type-product","3":"status-publish","4":"has-post-thumbnail","6":"product_cat-seife","8":"first","9":"instock","10":"shipping-taxable","11":"purchasable","12":"product-type-simple"},"uagb_featured_image_src":{"full":["https:\/\/www.loewensonne.de\/wordpress\/wp-content\/uploads\/Loewensonne-Hydrolat-Rosmarin-Serie-1-1-scaled.jpg",2048,2560,false],"thumbnail":["https:\/\/www.loewensonne.de\/wordpress\/wp-content\/uploads\/Loewensonne-Hydrolat-Rosmarin-Serie-1-1-150x150.jpg",150,150,true],"medium":["https:\/\/www.loewensonne.de\/wordpress\/wp-content\/uploads\/Loewensonne-Hydrolat-Rosmarin-Serie-1-1-240x300.jpg",240,300,true],"medium_large":["https:\/\/www.loewensonne.de\/wordpress\/wp-content\/uploads\/Loewensonne-Hydrolat-Rosmarin-Serie-1-1-768x960.jpg",640,800,true],"large":["https:\/\/www.loewensonne.de\/wordpress\/wp-content\/uploads\/Loewensonne-Hydrolat-Rosmarin-Serie-1-1-819x1024.jpg",640,800,true],"1536x1536":["https:\/\/www.loewensonne.de\/wordpress\/wp-content\/uploads\/Loewensonne-Hydrolat-Rosmarin-Serie-1-1-1229x1536.jpg",1229,1536,true],"2048x2048":["https:\/\/www.loewensonne.de\/wordpress\/wp-content\/uploads\/Loewensonne-Hydrolat-Rosmarin-Serie-1-1-1638x2048.jpg",1638,2048,true],"mailpoet_newsletter_max":["https:\/\/www.loewensonne.de\/wordpress\/wp-content\/uploads\/Loewensonne-Hydrolat-Rosmarin-Serie-1-1-1320x1650.jpg",1320,1650,true],"woocommerce_thumbnail":["https:\/\/www.loewensonne.de\/wordpress\/wp-content\/uploads\/Loewensonne-Hydrolat-Rosmarin-Serie-1-1-scaled-300x225.jpg",300,225,true],"woocommerce_single":["https:\/\/www.loewensonne.de\/wordpress\/wp-content\/uploads\/Loewensonne-Hydrolat-Rosmarin-Serie-1-1-scaled-600x750.jpg",600,750,true],"woocommerce_gallery_thumbnail":["https:\/\/www.loewensonne.de\/wordpress\/wp-content\/uploads\/Loewensonne-Hydrolat-Rosmarin-Serie-1-1-scaled-100x100.jpg",100,100,true]},"uagb_author_info":{"display_name":"ZdvqJjf48y9Crc6i","author_link":"https:\/\/www.loewensonne.de\/wordpress\/author\/"},"uagb_comment_info":0,"uagb_excerpt":"Rosmarinseife","jetpack_sharing_enabled":true,"_links":{"self":[{"href":"https:\/\/www.loewensonne.de\/wordpress\/wp-json\/wp\/v2\/product\/4286","targetHints":{"allow":["GET"]}}],"collection":[{"href":"https:\/\/www.loewensonne.de\/wordpress\/wp-json\/wp\/v2\/product"}],"about":[{"href":"https:\/\/www.loewensonne.de\/wordpress\/wp-json\/wp\/v2\/types\/product"}],"wp:featuredmedia":[{"embeddable":true,"href":"https:\/\/www.loewensonne.de\/wordpress\/wp-json\/wp\/v2\/media\/2349"}],"wp:attachment":[{"href":"https:\/\/www.loewensonne.de\/wordpress\/wp-json\/wp\/v2\/media?parent=4286"}],"wp:term":[{"taxonomy":"product_brand","embeddable":true,"href":"https:\/\/www.loewensonne.de\/wordpress\/wp-json\/wp\/v2\/product_brand?post=4286"},{"taxonomy":"product_cat","embeddable":true,"href":"https:\/\/www.loewensonne.de\/wordpress\/wp-json\/wp\/v2\/product_cat?post=4286"},{"taxonomy":"product_tag","embeddable":true,"href":"https:\/\/www.loewensonne.de\/wordpress\/wp-json\/wp\/v2\/product_tag?post=4286"}],"curies":[{"name":"wp","href":"https:\/\/api.w.org\/{rel}","templated":true}]}}